8092?
True
Is 53120 a multiple of 40?
True
Does 139 divide 36557?
True
Does 18 divide 5382?
True
Is 3646 a multiple of 5?
False
Is 14 a factor of 32564?
True
Is 362 a multiple of 34?
False
Does 19 divide 53?
False
Is 78 a multiple of 26?
True
Is 21 a factor of 727?
False
Is 891 a multiple of 9?
True
Is 12 a factor of 57602?
False
Does 11 divide 2167?
True
Is 3 a factor of 188?
False
Is 6 a factor of 354?
True
Is 9 a factor of 378?
True
Is 78 a factor of 702?
True
Is 20725 a multiple of 399?
False
Does 45 divide 15255?
True
Does 22 divide 7369?
False
Is 3240 a multiple of 76?
False
Is 13092 a multiple of 89?
False
Is 128 a factor of 22272?
True
Does 3 divide 270?
True
Is 1848 a multiple of 154?
True
Does 9 divide 453?
False
Is 8 a factor of 81?
False
Does 69 divide 2760?
True
Is 268 a multiple of 4?
True
Is 13 a factor of 125803?
False
Does 101 divide 2726?
False
Does 23 divide 2852?
True
Is 135 a multiple of 9?
True
Is 80 a multiple of 3?
False
Does 13 divide 31939?
False
Does 78 divide 74232?
False
Does 3 divide 8810?
False
Is 9 a factor of 297?
True
Is 15080 a multiple of 116?
True
Is 34835 a multiple of 166?
False
Does 5 divide 473?
False
Does 43 divide 2014?
False
Is 29 a factor of 1668?
False
Does 9 divide 4320?
True
Does 28 divide 924?
True
Does 30 divide 44130?
True
Does 16 divide 21517?
False
Is 25232 a multiple of 54?
False
Is 74146 a multiple of 46?
False
Is 9 a factor of 4637?
False
Does 14 divide 65967?
False
Is 19869 a multiple of 3?
True
Does 101 divide 9292?
True
Is 5 a factor of 823?
False
Does 10 divide 10578?
False
Is 605 a multiple of 54?
False
Is 13 a factor of 2090?
False
Is 3 a factor of 471?
True
Is 21 a factor of 82194?
True
Is 23640 a multiple of 112?
False
Is 4 a factor of 7317?
False
Does 119 divide 64343?
False
Is 7 a factor of 714?
True
Is 191 a factor of 37116?
False
Does 47 divide 1170?
False
Does 173 divide 15570?
True
Is 222 a factor of 38772?
False
Is 6777 a multiple of 27?
True
Is 3 a factor of 134?
False
Is 48 a factor of 37090?
False
Is 23 a factor of 1160?
False
Does 216 divide 72868?
False
Is 44 a factor of 1164?
False
Is 18 a factor of 1889?
False
Is 6 a factor of 262?
False
Does 13 divide 143?
True
Is 9 a factor of 2583?
True
Is 105 a multiple of 15?
True
Is 7 a factor of 805?
True
Does 10 divide 7715?
False
Is 20979 a multiple of 333?
True
Does 34 divide 2454?
False
Is 32 a factor of 13568?
True
Is 4 a factor of 717?
False
Does 3 divide 221?
False
Does 3 divide 390?
True
Is 7 a factor of 6928?
False
Is 77 a factor of 30954?
True
Is 14 a factor of 3639?
False
Is 63 a factor of 48951?
True
Is 7628 a multiple of 139?
False
Does 14 divide 381?
False
Is 73272 a multiple of 129?
True
Is 7 a factor of 55111?
True
Does 67 divide 9179?
True
Is 83258 a multiple of 313?
True
Is 3600 a multiple of 20?
True
Is 217 a multiple of 5?
False
Does 35 divide 397?
False
Does 27 divide 25261?
False
Is 14 a factor of 952?
True
Is 9309 a multiple of 107?
True
Is 19 a factor of 471?
False
Is 4396 a multiple of 14?
True
Does 9 divide 1170?
True
Does 7 divide 2450?
True
Is 17424 a multiple of 19?
False
Is 192 a multiple of 4?
True
Does 7 divide 10024?
True
Is 12835 a multiple of 19?
False
Is 35550 a multiple of 25?
True
Does 9 divide 20318?
False
Does 117 divide 460?
False
Is 49 a factor of 957?
False
Is 1458 a multiple of 27?
True
Is 1755 a multiple of 11?
False
Is 201 a factor of 3819?
True
Does 13 divide 653?
False
Is 2208 a multiple of 16?
True
Does 25 divide 4216?
False
Does 36 divide 950?
False
Is 8 a factor of 120?
True
Is 7 a factor of 3311?
True
Does 43 divide 504?
False
Is 27 a factor of 10773?
True
Does 90 divide 132?
False
Does 6 divide 7320?
True
Is 46 a factor of 1145?
False
Does 36 divide 576?
True
Is 123 a factor of 2424?
False
Is 18 a factor of 45626?
False
Does 21 divide 1071?
True
Does 8 divide 4011?
False
Does 8 divide 395?
False
Does 2 divide 1747?
False
Is 840 a multiple of 30?
True
Is 5 a factor of 1887?
False
Is 31520 a multiple of 16?
True
Is 3714 a multiple of 23?
False
Is 16 a factor of 24855?
False
Is 59 a factor of 5044?
False
Is 13 a factor of 4628?
True
Does 14 divide 1316?
True
Does 124 divide 372?
True
Is 258 a multiple of 6?
True
Is 151 a factor of 28086?
True
Does 53 divide 1961?
True
Does 3 divide 99?
True
Is 29156 a multiple of 3?
False
Is 15 a multiple of 5?
True
Is 15463 a multiple of 238?
False
Is 13224 a multiple of 29?
True
Is 574 a multiple of 7?
True
Does 89 divide 50144?
False
Is 371 a multiple of 53?
True
Is 65 a multiple of 2?
False
Does 4 divide 72?
True
Is 85 a factor of 765?
True
Does 65 divide 1249?
False
Is 7530 a multiple of 83?
False
Is 36 a factor of 4428?
True
Is 14018 a multiple of 102?
False
Is 5 a factor of 190?
True
Does 21 divide 22213?
False
Is 9 a factor of 619?
False
Is 137 a factor of 23975?
True
Is 48 a factor of 432?
True
Is 3398 a multiple of 24?
False
Is 14 a factor of 4564?
True
Does 68 divide 52292?
True
Is 12 a factor of 1620?
True
Is 12831 a multiple of 47?
True
Is 2 a factor of 14551?
False
Is 6 a factor of 2894?
False
Does 437 divide 65113?
True
Is 93236 a multiple of 286?
True
Does 25 divide 18248?
False
Does 28 divide 2567?
False
Is 16932 a multiple of 69?
False
Does 23 divide 878?
False
Does 188 divide 25756?
True
Is 16 a factor of 3184?
True
Is 6 a factor of 12458?
False
Is 38 a factor of 3419?
False
Is 171 a factor of 47099?
False
Does 327 divide 101043?
True
Does 42 divide 1778?
False
Is 890 a multiple of 3?
False
Does 224 divide 28896?
True
Is 11840 a multiple of 80?
True
Does 4 divide 352?
True
Does 264 divide 43032?
True
Is 627 a multiple of 33?
True
Is 690 a multiple of 10?
True
Is 952 a multiple of 28?
True
Is 118 a multiple of 59?
True
Does 35 divide 910?
True
Is 14 a factor of 155?
False
Does 25 divide 28939?
False
Does 60 divide 3539?
False
Does 115 divide 7130?
True
Does 22 divide 4070?
True
Is 3 a factor of 2134?
False
Is 9 a factor of 28519?
False
Is 23408 a multiple of 126?
False
Is 12 a factor of 1906?
False
Is 3004 a multiple of 36?
False
Is 29718 a multiple of 26?
True
Is 231 a factor of 61133?
False
Does 62 divide 248?
True
Does 279 divide 5580?
True
Does 21 divide 621?
False
Does 57 divide 3021?
True
Is 16 a factor of 8596?
False
Does 10 divide 10680?
True
Does 63 divide 441?
True
Is 11 a factor of 12573?
True
Does 28 divide 320?
False
Is 64 a factor of 832?
True
Is 5 a factor of 45?
True
Is 5900 a multiple of 55?
False
Does 31 divide 1550?
True
Is 6384 a multiple of 112?
True
Does 13 divide 3017?
False
Is 125187 a multiple of 13?
False
Is 523 a multiple of 21?
False
Is 15 a factor of 495?
True
Does 29 divide 261?
True
Is 1496 a multiple of 88?
True
Is 53 a factor of 1209?
False
Is 46 a factor of 949?
False
Does 76 divide 1925?
False
Does 23 divide 1058?
True
Is 2 a factor of 1805?
False
Is 11 a factor of 451?
True
Does 13 divide 25924?
False
Is 25 a factor of 562?
False
Does 4 divide 116?
True
Is 41 a factor of 52234?
True
Does 13 divide 823?
False
Does 4 divide 624?
True
Is 4561 a multiple of 11?
False
Is 1658 a multiple of 12?
False
Is 27794 a multiple of 108?
False
Does 33 divide 10131?
True
Is 408 a multiple of 136?
True
Does 33 divide 924?
True
Does 219 divide 23214?
True
Is 1020 a multiple of 10?
True
Does 14 divide 89624?
False
Is 3 a factor of 458?
False
Is 45 a factor of 178?
False
Is 3444 a multiple of 12?
True
Is 82095 a multiple of 15?
True
Is 188 a factor of 218?
False
Is 134 a multiple of 2?
True
Is 10 a factor of 2190?
True
Is 10 a factor of 85404?
False
Is 32095 a multiple of 35?
True
Is 3549 a multiple of 13?
True
Does 17 divide 50323?
False
Is 21 a factor of 890?
False
Is 11 a factor of 3861?
True
Is 14 a factor of 3383?
False
Is 9 a factor of 823?
False
Is 3 a factor of 1307?
False
Is 352 a multiple of 22?
True
Does 14 divide 1568?
True
Does 18 divide 330?
False
Does 16 divide 320?
True
Is 1058 a multiple of 46?
True
Does 124 divide 7559?
False
Does 19 divide 8141?
False
Does 8 divide 37936?
True
Is 10 a factor of 1430?
True
Does 35 divide 2923?
False
Does 29 divide 517?
False
Does 22 divide 667?
False
Is 3212 a multiple of 33?
False
Does 25 divide 14413?
False
Does 12 divide 1488?
True
Does 34 divide 578?
True
Does 11 divide 115?
False
Does 16 divide 8464?
True
Is 19 a factor of 798?
True
Is 93 a factor of 